1, -4*p + 17 = l. Give d(l).
4
Let s(c) = c**3 - c + 1. Let x(f) = -f**3 + 2*f**2 + 4*f + 1. Let a be x(3). Suppose l - 3*l = 2*m - a, 2*l = -3*m + 6. Give s(l).
1
Let q(t) = -t - 2. Let j be q(-2). Let w = j + -4. Let n(a) = 2 + 4*a**2 - a**3 - 4*a**2 - 5*a**2 - 2*a. Give n(w).
-6
Let j(h) = -1465 + 6*h + 4*h + 1464. What is j(1)?
9
Let p(u) = -u - 1. Suppose 0 = 3*l - 2*l + 3. Calculate p(l).
2
Let k(z) = -z + 1. Let q(u) = 5*u - 5. Let a(o) = 4*k(o) + q(o). Determine a(-6).
-7
Let o(i) = 3*i**3 + 5*i**2 + i. Let q(x) = -5*x**3 - 7*x**2 - x. Let h(b) = -8*o(b) - 5*q(b). Give h(5).
-15
Let z(l) = 8*l**2 - 2*l + 2. Let j(u) = 8*u**2 - 2*u + 1. Let g(q) = 3*j(q) - 2*z(q). Calculate g(-1).
9
Let r(a) = a**3 + 10*a**2 - 12*a - 16. Let d = -29 - -18. Determine r(d).
-5
Let n(z) = -z**2 + 3 + 2*z - 2 - 2 + 6. Calculate n(5).
-10
Let g(t) = t**2 - 11*t + 6. Let k = -22 - -33. Determine g(k).
6
Let t = -16 - -18. Let n(k) = -2*k**3 + 2*k**2 + k + 1. What is n(t)?
-5
Let q(f) = f**2 - 8*f + 8. Let o be ((-60)/(-3))/2 + 2. Let n = -8 + o. Let a = n + 2. What is q(a)?
-4
Let d(i) be the second derivative of i**3/6 - 2*i**2 + i. Let c be d(4). Let g(a) = -4*a + c*a**2 + 3*a**2 + 5*a. Determine g(-1).
2
Let c(i) = 8 - 2*i**2 + 2*i + 3*i**2 + i**2 - 8*i. Let d(q) = q**2 - 3*q + 4. Let w(o) = -4*c(o) + 7*d(o). Calculate w(4).
-8
Suppose -b + 3 = -4*t - 6*b, -4*t = b + 23. Let y(o) = -11*o**2 + 3*o + 14. Let c(p) = -5*p**2 + 2*p + 7. Let v(j) = 13*c(j) - 6*y(j). What is v(t)?
0
Let a(i) = -i**3 + 6*i**2 + i - 4. Let x be a(6). Let q(h) = 3*h - 5*h**2 + 0*h**2 + 3*h**2 - 3. Give q(x).
-5
Let q(v) = 12*v + 1 - 6*v - 7*v. Calculate q(9).
-8
Suppose v = -v + 8. Suppose 2*s = 3*c - 5, -s = 4*c - 0*s - 14. Let l(t) = -c*t**2 + 5 - 4 + 16*t + 4*t**2 - 22*t. What is l(v)?
-7
Suppose 3*o - 10 = -2*o. Let h(n) = 0*n**2 + n - n**o + n. Calculate h(3).
-3
Let b be -10 + 0 + (-9 - -6). Let l = 7 + b. Let y(z) = z**2 + 4*z - 4. Calculate y(l).
8
Let j be 2 - (1 + 1 + -1). Let n be (2 + j)*(-2)/(-3). Let m(h) = 4*h - 2 + 3 - 8 + 4. Calculate m(n).
5
Let c(t) = -3 + t**2 + 2 - 3*t + 4 + 0. Let y(r) = r**3 - 8*r**2 - r + 11. Let l be y(8). Calculate c(l).
3
Suppose -5*l + 3*d + 18 = 0, -4*d = -4*l - 0 + 16. Let g be 2 + l/3 + -1. Let w(x) = -2*x**2 - 3*x + 3. Give w(g).
-11
Let r be -8 + 9 + (2 - 1). Let d(g) = 1 - r - 2 - 3 + 2*g. Determine d(4).
2
Let w(b) = -3*b + 13 - 9 + 7*b. Calculate w(-3).
-8
Let t be (3/(-2))/((-6)/8). Let o(a) = a**3 - 3*a**2 + 2. What is o(t)?
-2
Let c(u) = u**2 - 6*u - 1. Let a(x) = -x - 2. Let y be a(-9). Give c(y).
6
Let m(a) = 4*a + 17 - 7*a - 38 + 17. What is m(-3)?
5
Let r(b) = 6*b - 33. Let t be r(5). Let k(x) = x**3 + 3*x**2 + 2*x + 4. Calculate k(t).
-2
Let n = -143 + 146. Let h(r) = 2*r + 3. Calculate h(n).
9
Suppose -24 = v + 5*i, -v - 4*i - 16 = 4. Let s(q) be the third derivative of q**6/120 + q**5/15 - 5*q**3/6 + 2*q**2. Determine s(v).
-5
Let h(x) be the third derivative of -1/60*x**5 - 1/2*x**3 - 5/24*x**4 + 0*x + 2*x**2 + 0. Suppose -51*n + 42*n = 45. Determine h(n).
-3
Let h(q) = 4 - 4*q - q + 2*q. Let b(u) = -3*u**2 - 8*u - 8. Let t(m) = -10*m**2 - 24*m - 23. Let j(r) = -7*b(r) + 2*t(r). Let w be j(-7). Calculate h(w).
-5
Let h(q) = 5*q**3 - 4*q**2 - 4*q + 7. Let j be (-8 - -3)*(-1 - -2). Let y(x) = -6*x**3 + 4*x**2 + 4*x - 8. Let c(t) = j*h(t) - 4*y(t). Give c(5).
-8
Let b(r) be the third derivative of -2*r**2 + 0 + 0*r - 1/4*r**4 - 1/6*r**3. Give b(-1).
5
Let g be (-1)/(-3) - (-5)/3. Suppose 3*s + g*b = -18, 4*b - 25 = 4*s - 1. Let q(t) = t**2 + 7*t + 1. What is q(s)?
-5
Let j = -22 - -27. Let z(x) = -x**3 + 4*x**2 + 5*x + 3. Calculate z(j).
3
Suppose 3*s = 7 - 4. Let h(x) = -2*x**3 - 2*x**2 + 2*x - 1. Let r be h(s). Let c(v) = v**3 + 4*v**2 + v. Determine c(r).
6
Let o = -2 + -2. Let v(n) = 3*n + 2. Let h(q) = -5*q - 4. Let a(t) = -5*t - 4. Let f(j) = 3*a(j) - 2*h(j). Let d(l) = 4*f(l) + 7*v(l). Determine d(o).
-6
Let l(n) = 4*n**2 - 2*n**2 - 3*n**2. Let u be l(2). Let a(v) = v - 3 - 11*v**2 + 2 + 12*v**2 + v. Determine a(u).
7
Suppose 6*s - 8 = 2*s. Suppose b - 2*f = -5, -2*b + 5*f - s*f = 6. Suppose l - g + 1 = 0, -3*l - 10 = b*g - 37. Let h(m) = -2*m + 3. What is h(l)?
-5
Let v(i) = -4*i - 1. Suppose -2*c = -0 - 2. Determine v(c).
-5
Let l = -50 + 76. Let h be 8/52 + 126/l. Let j(d) = -1. Let g(y) = y + 3. Let v(z) = -g(z) - 5*j(z). Give v(h).
-3
Let j(t) = 4*t**3 - t. Let b be (12/18)/(4/(-6)). What is j(b)?
-3
Let o(k) = 2*k**2 - k - 2. Suppose -2*y = -6*y - 8. What is o(y)?
8
Suppose -2*x = -0*x, 2*q - 5*x = -18. Let s = q - -8. Let i(m) = m + 0 + 1 + 3*m**3 + 0*m**3. Give i(s).
-3
Let z(r) = -r**3 - 5*r**2 - r + 3. Let b(m) = -m**3 - 5*m**2 - 2*m + 2. Let g(p) = 2*b(p) - 3*z(p). Suppose 3*x = -5*h, -x + 2*h - 16 = x. What is g(x)?
0
Let i be 2/(-3) + 17/3. Let r(n) = -n**3 - 185*n**2 + 190*n**2 - 4 - n + 2*n. Determine r(i).
1
Let f(t) = 4*t - t + 3 + 5*t - 10*t. What is f(4)?
-5
Let z be (-1)/(-2) + (-1)/(-2). Let u(b) = -2*b**2 - z - 2*b - 1 - 2 + 3. What is u(-1)?
-1
Suppose -4*f + 4 = 4*y, -3*f + 6*f = 3*y - 27. Let h(m) = m**3 - 6*m**2 + 5*m - 4. Let c be h(y). Let s(r) = -r + 1. Calculate s(c).
5
Let d = -6 + 7. Suppose -3*n = -13 + d. Let j(g) = g**3 + 2*g**2 + g. Let m(h) = h**3 + 3*h**2 + 2*h - 1. Let o(l) = -6*j(l) + 5*m(l). Give o(n).
-5
Suppose -2*i + 0*i = 0. Let h(f) = 0 + i*f - 2 - f. What is h(0)?
-2
Let l(f) be the second derivative of -7*f**3/6 + 3*f**2/2 + 58*f. Give l(2).
-11
Let f(t) = 8*t**3 - 4*t**2 + 2*t - 9. Let h(a) = 7*a**3 - 3*a**2 + 2*a - 8. Let m(v) = -6*f(v) + 7*h(v). What is m(-3)?
-8
Let f(d) = d**3 - 5*d**2 + d + 4. Suppose 3*k - 5*u - 3 = 2*k, -u = -3*k + 9. Calculate f(k).
-11
Let c(y) = -4 + 5 - 5*y - 1. Calculate c(-1).
5
Let f(d) = d**2 - d - 2. Suppose 6 + 14 = -2*g. Let a be (-5)/g + 39/2. Suppose -j = -y - 4, j - 5*y - a = 3*j. Determine f(j).
-2
Let q(g) be the first derivative of -g**4/2 - 2*g**3/3 + g**2 + g - 8. Give q(-2).
5
Let f(m) = -m**2 + m - 2. Let p(z) = -3*z**2 + 3*z - 3. Let y(x) = -5*f(x) + 2*p(x). Calculate y(4).
-8
Suppose 0*v - 3*v = -12. Suppose 3*s = -4*j - 9, -5 - 8 = -s + v*j. Let w(x) = -4*x + 6*x - x + 7*x**3 - 1. Determine w(s).
7
Let p(r) be the second derivative of -r**4/12 - 7*r**3/6 + r**2 - 4*r. Give p(-6).
8
Let x = 2 - 1. Suppose 2*r + a = -1 + 5, -2*r = 3*a - 8. Let b(i) = 3 + r + x + i. What is b(0)?
5
Suppose -5*f + 2*v + 2*v + 2 = 0, -5*f = 5*v - 20. Let j(i) = -7*i + 3. Let d(l) = 22*l - 10. Let t(r) = -5*d(r) - 16*j(r). Determine t(f).
6
Let h be (2 - 0)/(4/10). Suppose -w - h = 4*w. Let n(x) be the first derivative of -7*x**2/2 - x - 4. Calculate n(w).
6
Let l(p) = p**3 - 6*p**2 + 6*p. Suppose 3*q - 4*z - z = -10, -5*z + 45 = 4*q. Determine l(q).
5
Let c be (-12 - -14 - (-8)/(-2)) + 8. Let n(z) be the first derivative of -2 + 1/3*z**3 - z**2 - c*z. Calculate n(5).
9
Let y(u) = 3*u. Suppose -2*i - 4*g = 11 + 1, -30 = 5*i + 2*g. Let b be y(i). Let h be (-4)/b - 58/18. Let c(t) = t**2 - 1. Determine c(h).
8
Let l(k) = -7*k**2. Suppose 0 = 4*g + 12, -3*x + 6*x = -2*g - 3. What is l(x)?
-7
Let l(m) = -m**2 + 2*m - 1. Let d(o) = o**2 - 8*o + 3. Let z be d(3). Let u = z - -17. Let j = -4 + u. Calculate l(j).
0
Let n(p) be the third derivative of p**6/120 + p**5/20 - p**4/24 + 5*p**3/6 - p**2. Suppose 3*a = -i - 7, a - 7 + 1 = -2*i. Determine n(a).
-7
Suppose 2*m - 2*a - 5 - 11 = 0, 3*a = -4*m + 39. Let g(i) = -i**2 + 9*i - 11. Determine g(m).
-11
Let q(h) = 4*h + 3 + h - 1 + h**2. What is q(-5)?
2
Let l(n) be the first derivative of -2*n**2 + 7*n**2 - n**2 - 1. Let b = 18 + -17. What is l(b)?
8
Let r(i) = 3*i + 1. Let x be (-195)/40 - (-1)/(-8). Calculate r(x).
-14
Let v be 15/(-2) + 6/4. Let u be (-8)/v*(-12)/(-4). Let r(h) = h**2 - 4*h + 1. What is r(u)?
1
Let b(z) be the first derivative of 1/24*z**4 + 0*z**2 - 2 + 1/60*z**5 + 0*z - 1/3*z**3. Let h(t) be the third derivative of b(t). Calculate h(2).
5
Let f(g) = -g**3 + 3*g**2 - 2*g. Let u be (48/(-4))/(-4) - 1. Determine f(u).
0
Let d(a) = -a - 1. Let n(i) = -4*i**3 - i**2 - 5*i - 5. Let m(r) = 5*d(r) - n(r). Let q(p) = -2*p + 3. Let h = -4 + 6. Let j be q(h). Determine m(j).
-3
Suppose -6*h + 2*h = -3*p - 22, -32 = 5*p - 2*h. Let g(y) = y**3 + 7*y**2 + 2*y - 8. Calculate g(p).
16
Let i(